 Let y be w(4). Let f = y - 5. Suppose 2*j + u + 9 = 4*j, -f*j = -3*u + 1. List the prime factors of j.
7
Suppose 5*u = i + 4581, -5*u + 1432 = -5*i - 3153. List the prime factors of u.
2, 229
Let o be (-1)/(-3) + (-2)/(-3). Let g(l) = -47*l - 2. Let t(h) = h. Let z(n) = -g(n) - 6*t(n). What are the prime factors of z(o)?
43
Let l(k) be the first derivative of k**4/4 - k**3/3 - k**2/2 - k - 8. List the prime factors of l(3).
2, 7
Let a = -11 + 27. Let o(v) = -v**2 + 22*v - 10. List the prime factors of o(a).
2, 43
Let l(s) = 3*s**2 - 15*s + 7. Let d be l(6). Let h = -18 + d. Suppose h - 76 = -3*f. List the prime factors of f.
23
Let b(w) = -4*w - 21. Let f(t) = 4*t - 5. Let m be f(4). Let p be b(m). Let n = -32 - p. What are the prime factors of n?
3, 11
Let s(i) = 2 - 16*i**2 + 9*i - 16 + 13*i**2. Let t(v) = -v**2 - v. Let l(k) = -s(k) + 2*t(k). What are the prime factors of l(10)?
2
Let o(z) = 4 + z**2 - 5 - 1 - 1 + 4*z. Let c be o(5). Suppose -c = -4*u + 3*u. What are the prime factors of u?
2, 3, 7
Let b = 4 + -2. Let u = b + 0. Suppose 2*p + u*v - 48 = 0, 0*v - 58 = -2*p - 4*v. What are the prime factors of p?
19
Suppose -i + 3*i - 2 = -3*p, 12 = 3*p - 3*i. List the prime factors of (p/(-4))/(2/(-292)).
73
Let x(k) = 11*k**2 - 28*k - 55. List the prime factors of x(-12).
5, 373
Let y = -21 - -23. Suppose 4*z = -4*f + 496 - 80, 5*z = -y*f + 211. List the prime factors of f.
103
Let b(v) = -v**2 + 1. Let t be b(0). Let s = 2 + t. Suppose 9 = 2*l - s. List the prime factors of l.
2, 3
Suppose -3*r + 2*r - 5*z = 0, -30 = 2*r + 4*z. Let i = -7 - r. What are the prime factors of i?
2, 3
Suppose 3*b - 5 = 4. Suppose b*o = -2*v + 5*o + 32, 0 = v + 3*o - 36. What are the prime factors of v?
3, 7
Let u(h) be the third derivative of 9*h**5/20 - h**3/6 + 2*h**2. Suppose -6*l + 13 - 7 = 0. List the prime factors of u(l).
2, 13
Suppose 0 = 5*z - 4*n + 76 - 302, 0 = 2*z + 3*n - 95. What are the prime factors of z?
2, 23
List the prime factors of ((-5810)/6 - -1)/((-6)/9).
1451
Let b(w) = -w**2 + 6*w + 6. Let g be b(5). Let d = -61 + g. What are the prime factors of -6*(d/(-15))/(-5)?
2
Let o(j) = -j + 2. Let f be (-2)/9 + 644/63. Let l be (-27)/3*f/6. List the prime factors of o(l).
17
Suppose 30 - 123 = 3*k. Let w = k - -158. What are the prime factors of w?
127
Let w = -4 + 9. Suppose w*g = -3*a + 89, 4*a + a - 127 = -3*g. Suppose i = 5*r - 8 - a, -r = i - 11. List the prime factors of r.
7
Let o(b) = -b**3 + 2*b**2 + 4*b - 3. Let k be o(3). Suppose x - 5 + 0 = k. What are the prime factors of (x + (2 - 5))*3?
2, 3
What are the prime factors of (-5 - 3948/(-16))*4?
967
Suppose -8*j + 5*j = -18. Suppose -j = q - 3*q. What are the prime factors of (-8)/(-2) - (-69)/q?
3
Let z(u) be the first derivative of -u**3/6 - u**2/2 - 5*u + 6. Let p(x) be the first derivative of z(x). List the prime factors of p(-13).
2, 3
Let h = -757 - -2181. What are the prime factors of h?
2, 89
Suppose 5*g - 754 = -k + 9*g, 3*g - 1475 = -2*k. What are the prime factors of k?
2, 7, 53
Let l = 686 + -662. What are the prime factors of l?
2, 3
Suppose 4*n - 77 = -5*r, r = 2*n - 2*r - 11. Suppose 17*c - n = 16*c. What are the prime factors of c?
13
Let h(l) = -l**3 + 20*l**2 + 2*l - 36. Let q be h(20). Suppose -s + 4*s - 565 = 4*a, 2*s - 410 = -q*a. List the prime factors of s.
3, 5, 13
Suppose 2*t - u + 20 = 0, 46 = -4*t + 10*u - 11*u. Let x(o) = -6*o + 53. What are the prime factors of x(t)?
7, 17
Let n = 216 - 199. What are the prime factors of n?
17
Let h = -3 - -5. Suppose 3*t - h*d = 5, 3*t - d - 3*d + 5 = 0. Suppose a = -3*c + 34, 4*c = 3*a + t*c - 62. List the prime factors of a.
19
Suppose 13*b - 5*b - 40 = 0. Suppose 438 = b*s - j - 110, -5*j - 560 = -5*s. What are the prime factors of s?
109
Let a = -58 - -201. What are the prime factors of a?
11, 13
Let u(k) = 5*k**2 - 3*k - 2. Let r be u(-1). Suppose -t - 670 = -r*t. List the prime factors of t.
2, 67
Suppose 6*d = 2511 + 2205. What are the prime factors of d?
2, 3, 131
Suppose 6*g - 41 = 13. List the prime factors of -4*g/(-48)*100.
3, 5
Let i(d) = d**2 + 3*d + 2. Let f be i(-3). Suppose 30 = 3*x - 2*x - 3*q, -f*x - 4*q + 90 = 0. List the prime factors of x.
3, 13
Let n(r) = 99*r - 909. What are the prime factors of n(39)?
2, 3, 41
Let u(w) = -3*w**2 + 245*w + 83. List the prime factors of u(76).
5, 11
List the prime factors of (1421/2 - (-6)/(-12))*1.
2, 5, 71
Suppose -5*k + r + 1068 - 306 = 0, 0 = 5*r + 10. Suppose -2*a = -5*m + a + k, 4*m = -3*a + 100. List the prime factors of m.
2, 7
Let d(r) = 21*r**3 - r**2 - 5*r + 6. List the prime factors of d(2).
2, 5
Suppose -3*p = 3*l - 21 - 57, l = -2*p + 57. Suppose 94 + p = 5*w. What are the prime factors of w?
5
Suppose -13 = -2*h + 3. Let m = h + -2. Suppose -m = -0*g - g. What are the prime factors of g?
2, 3
Let o(p) = -p**3 + 8*p**2 + p - 5. Let d be o(8). Suppose -r - 5*w - 17 = 0, d*r + r - 4*w = 28. What are the prime factors of r?
3
Let m = -159 + 301. List the prime factors of m.
2, 71
Let j = -14 - -14. Suppose 2*p + 6 = 0, j = -5*u - 5*p + 271 - 46. What are the prime factors of u?
2, 3
Let o be (-120)/(-42) + (-3)/(-21). Suppose -v + 7*t + 25 = o*t, 0 = 5*v - 3*t - 142. What are the prime factors of v?
29
Let j(p) = 2*p**2 - 3*p + 1. Let v be j(2). Suppose d = -f + v*f + 31, -5*d + 2*f + 163 = 0. List the prime factors of d.
3, 11
What are the prime factors of 4*13/((-104)/(-1356))?
2, 3, 113
Let j = -8 + 11. Let l be (-1 + 2)*j + -1. Suppose -l*q + 35 + 49 = 0. List the prime factors of q.
2, 3, 7
Suppose -43 = -a + 115. List the prime factors of a.
2, 79
Suppose 3*u = 6*g - 4*g - 7843, u = -5*g + 19633. List the prime factors of g.
2, 13, 151
Suppose -7*w + 1321 = -2704. Let i = w - 225. What are the prime factors of i?
2, 5, 7
Suppose 3*y - 2817 = -3*w, -5*w + 6*w = 4*y - 3781. List the prime factors of y.
2, 59
Let k = 359 + -177. Let l = k - 123. List the prime factors of l.
59
Let c(u) = -41*u - 559. What are the prime factors of c(-28)?
19, 31
Suppose -9*g + 22 = 4. Suppose 0 = -3*x + g*x + 151. List the prime factors of x.
151
Suppose 2*s + g + 5 + 5 = 0, 3*g = 5*s + 3. What are the prime factors of 756/8*(2 - (-2)/s)?
2, 3, 7
Let q(o) = o**3 - 20*o**2 - 52*o - 25. Let g be q(23). Let z = 676 - g. What are the prime factors of z?
2, 5, 31
Suppose 4*u + 2*x - 9 - 5 = 0, 0 = u - 4*x + 1. Suppose t + 15 = 5*o - 0, u*t = 2*o - 19. Suppose -2*k - o*k = -124. What are the prime factors of k?
31
Suppose -24590 = -1795*z + 1785*z. List the prime factors of z.
2459
Suppose -l - l = 0. Suppose -4*h - 250 + 814 = l. List the prime factors of h.
3, 47
Let s(k) = -k**3 + 21*k**2 - 11*k + 3. What are the prime factors of s(20)?
3, 61
Suppose i - f - 674 = 0, -2*i + 994 = -5*f - 354. What are the prime factors of i?
2, 337
Let i(u) = 2*u - 5*u - 3*u + u. Let x be i(-3). What are the prime factors of (-5)/(x/(-28))*3?
2, 7
Let i = -943 - -655. List the prime factors of 2/(-8)*3*i.
2, 3
Suppose 2*c = 5*x - 830 - 97, 5*c = -x + 180. List the prime factors of x.
5, 37
Let m(f) = 7*f**2 + 30*f + 352. What are the prime factors of m(-20)?
2, 11, 29
Let i be 10/(-45) + (-3308)/18. Let n = i - -349. What are the prime factors of n?
3, 5, 11
Suppose 24*t - 18 = 5454. What are the prime factors of t?
2, 3, 19
Let s(y) = -6*y + 2*y + 14 + 4*y - y. List the prime factors of s(-16).
2, 3, 5
Suppose 0 = -8*q + 9706 + 654. What are the prime factors of q?
5, 7, 37
Suppose 7 = 4*b - 2*n - 5, -4*b - 4*n = 0. Suppose 4 = o + 2*u + 8, u + b = -3*o. Suppose 0*x + 41 = j + x, o = 3*x. List the prime factors of j.
41
List the prime factors of 19796/(-147)*(-135)/12.
3, 5, 101
Let r = -160 + 719. List the prime factors of r.
13, 43
Let s be 4/(-6) - 14/6. Let w = 1 - s. Suppose w*b - 99 = b. What are the prime factors of b?
3, 11
Suppose 4*h + x = 15, h = 5*h + 4*x - 24. What are the prime factors of h/9 + 1794/18?
2, 5
Let j(o) = -o + 8. Let q be j(6). Suppose -q*v - 400 = -6*v. What are the prime factors of v?
2, 5
Let n = 2470 - 1084. What are the prime factors of n?
2, 3, 7, 11
Let o(x) = 37*x + 110. What are the prime factors of o(38)?
2, 379
Let i(z) = 5*z - 23. Let d be i(10). Suppose -a = 2*j - 15, -2*j + a + d = 6*a. List the prime factors of j.
2, 3
Let y be (15/25)/((-